[INFO] cloning repository https://github.com/DasBlackfur/raspi-weather
[INFO] running `Command { std: "git" "-c" "credential.helper=" "-c" "credential.helper=/workspace/cargo-home/bin/git-credential-null" "clone" "--bare" "https://github.com/DasBlackfur/raspi-weather" "/workspace/cache/git-repos/https%3A%2F%2Fgithub.com%2FDasBlackfur%2Fraspi-weather", kill_on_drop: false }`
[INFO] [stderr] Cloning into bare repository '/workspace/cache/git-repos/https%3A%2F%2Fgithub.com%2FDasBlackfur%2Fraspi-weather'...
[INFO] running `Command { std: "git" "rev-parse" "HEAD", kill_on_drop: false }`
[INFO] [stdout] d1305bd2b2570d0527001ba70ed73144ccea5fda
[INFO] checking DasBlackfur/raspi-weather against master#e6e4f7ed1589e03bc2f6c5931c1a72e7947e8682 for beta-170-4
[INFO] running `Command { std: "git" "clone" "/workspace/cache/git-repos/https%3A%2F%2Fgithub.com%2FDasBlackfur%2Fraspi-weather" "/workspace/builds/worker-1-tc2/source", kill_on_drop: false }`
[INFO] [stderr] Cloning into '/workspace/builds/worker-1-tc2/source'...
[INFO] [stderr] done.
[INFO] validating manifest of git repo https://github.com/DasBlackfur/raspi-weather on toolchain e6e4f7ed1589e03bc2f6c5931c1a72e7947e8682
[INFO] running `Command { std: CARGO_HOME="/workspace/cargo-home" RUSTUP_HOME="/workspace/rustup-home" "/workspace/cargo-home/bin/cargo" "+e6e4f7ed1589e03bc2f6c5931c1a72e7947e8682" "metadata" "--manifest-path" "Cargo.toml" "--no-deps", kill_on_drop: false }`
[INFO] started tweaking git repo https://github.com/DasBlackfur/raspi-weather
[INFO] finished tweaking git repo https://github.com/DasBlackfur/raspi-weather
[INFO] tweaked toml for git repo https://github.com/DasBlackfur/raspi-weather written to /workspace/builds/worker-1-tc2/source/Cargo.toml
[INFO] crate git repo https://github.com/DasBlackfur/raspi-weather already has a lockfile, it will not be regenerated
[INFO] running `Command { std: CARGO_HOME="/workspace/cargo-home" RUSTUP_HOME="/workspace/rustup-home" "/workspace/cargo-home/bin/cargo" "+e6e4f7ed1589e03bc2f6c5931c1a72e7947e8682" "fetch" "--manifest-path" "Cargo.toml", kill_on_drop: false }`
[INFO] running `Command { std: "docker" "create" "-v" "/var/lib/crater-agent-workspace/builds/worker-1-tc2/target:/opt/rustwide/target:rw,Z" "-v" "/var/lib/crater-agent-workspace/builds/worker-1-tc2/source:/opt/rustwide/workdir:ro,Z" "-v" "/var/lib/crater-agent-workspace/cargo-home:/opt/rustwide/cargo-home:ro,Z" "-v" "/var/lib/crater-agent-workspace/rustup-home:/opt/rustwide/rustup-home:ro,Z" "-e" "SOURCE_DIR=/opt/rustwide/workdir" "-e" "CARGO_TARGET_DIR=/opt/rustwide/target" "-e" "CARGO_HOME=/opt/rustwide/cargo-home" "-e" "RUSTUP_HOME=/opt/rustwide/rustup-home" "-w" "/opt/rustwide/workdir" "-m" "1610612736" "--user" "0:0" "--network" "none" "ghcr.io/rust-lang/crates-build-env/linux@sha256:19e73879b68f455e41552ea35293514db52ea292d993f571636dbffedb77a1ee" "/opt/rustwide/cargo-home/bin/cargo" "+e6e4f7ed1589e03bc2f6c5931c1a72e7947e8682" "metadata" "--no-deps" "--format-version=1", kill_on_drop: false }`
[INFO] [stdout] 6d2d938edcc371078b2b98cf71f1605002c97be04d9c1162529257f77760b473
[INFO] running `Command { std: "docker" "start" "-a" "6d2d938edcc371078b2b98cf71f1605002c97be04d9c1162529257f77760b473", kill_on_drop: false }`
[INFO] running `Command { std: "docker" "inspect" "6d2d938edcc371078b2b98cf71f1605002c97be04d9c1162529257f77760b473", kill_on_drop: false }`
[INFO] running `Command { std: "docker" "rm" "-f" "6d2d938edcc371078b2b98cf71f1605002c97be04d9c1162529257f77760b473", kill_on_drop: false }`
[INFO] [stdout] 6d2d938edcc371078b2b98cf71f1605002c97be04d9c1162529257f77760b473
[INFO] running `Command { std: "docker" "create" "-v" "/var/lib/crater-agent-workspace/builds/worker-1-tc2/target:/opt/rustwide/target:rw,Z" "-v" "/var/lib/crater-agent-workspace/builds/worker-1-tc2/source:/opt/rustwide/workdir:ro,Z" "-v" "/var/lib/crater-agent-workspace/cargo-home:/opt/rustwide/cargo-home:ro,Z" "-v" "/var/lib/crater-agent-workspace/rustup-home:/opt/rustwide/rustup-home:ro,Z" "-e" "SOURCE_DIR=/opt/rustwide/workdir" "-e" "CARGO_TARGET_DIR=/opt/rustwide/target" "-e" "CARGO_INCREMENTAL=0" "-e" "RUST_BACKTRACE=full" "-e" "RUSTFLAGS=--cap-lints=forbid" "-e" "RUSTDOCFLAGS=--cap-lints=forbid" "-e" "CARGO_HOME=/opt/rustwide/cargo-home" "-e" "RUSTUP_HOME=/opt/rustwide/rustup-home" "-w" "/opt/rustwide/workdir" "-m" "1610612736" "--user" "0:0" "--network" "none" "ghcr.io/rust-lang/crates-build-env/linux@sha256:19e73879b68f455e41552ea35293514db52ea292d993f571636dbffedb77a1ee" "/opt/rustwide/cargo-home/bin/cargo" "+e6e4f7ed1589e03bc2f6c5931c1a72e7947e8682" "check" "--frozen" "--all" "--all-targets" "--message-format=json", kill_on_drop: false }`
[INFO] [stdout] 5f180dcc4d60c619973d4c29ff988c695d08c1dcc196bf6d5f491e85b6036ce1
[INFO] running `Command { std: "docker" "start" "-a" "5f180dcc4d60c619973d4c29ff988c695d08c1dcc196bf6d5f491e85b6036ce1", kill_on_drop: false }`
[INFO] [stderr]    Compiling proc-macro2 v1.0.58
[INFO] [stderr]    Compiling quote v1.0.27
[INFO] [stderr]    Compiling wasm-bindgen-shared v0.2.86
[INFO] [stderr]    Compiling bumpalo v3.12.2
[INFO] [stderr]    Compiling wasm-bindgen v0.2.86
[INFO] [stderr]    Compiling futures-util v0.3.28
[INFO] [stderr]    Compiling syn v1.0.109
[INFO] [stderr]    Compiling tokio v1.28.1
[INFO] [stderr]     Checking futures-io v0.3.28
[INFO] [stderr]    Compiling prettyplease v0.1.25
[INFO] [stderr]     Checking anymap2 v0.13.0
[INFO] [stderr]     Checking tracing-core v0.1.31
[INFO] [stderr]    Compiling boolinator v2.4.0
[INFO] [stderr]     Checking csv-core v0.1.10
[INFO] [stderr]     Checking implicit-clone v0.3.5
[INFO] [stderr]    Compiling syn v2.0.16
[INFO] [stderr]    Compiling proc-macro-error-attr v1.0.4
[INFO] [stderr]     Checking tokio-stream v0.1.14
[INFO] [stderr]    Compiling proc-macro-error v1.0.4
[INFO] [stderr]    Compiling wasm-bindgen-backend v0.2.86
[INFO] [stderr]    Compiling yew-macro v0.20.0
[INFO] [stderr]    Compiling serde_derive v1.0.163
[INFO] [stderr]    Compiling thiserror-impl v1.0.40
[INFO] [stderr]    Compiling pin-project-internal v1.1.0
[INFO] [stderr]    Compiling futures-macro v0.3.28
[INFO] [stderr]    Compiling tracing-attributes v0.1.24
[INFO] [stderr]    Compiling wasm-bindgen-macro-support v0.2.86
[INFO] [stderr]    Compiling wasm-bindgen-macro v0.2.86
[INFO] [stderr]     Checking thiserror v1.0.40
[INFO] [stderr]     Checking pin-project v1.1.0
[INFO] [stderr]     Checking tracing v0.1.37
[INFO] [stderr]     Checking serde v1.0.163
[INFO] [stderr]     Checking futures v0.3.28
[INFO] [stderr]     Checking pinned v0.1.0
[INFO] [stderr]     Checking prokio v0.1.0
[INFO] [stderr]     Checking serde_json v1.0.96
[INFO] [stderr]     Checking bincode v1.3.3
[INFO] [stderr]     Checking serde_urlencoded v0.7.1
[INFO] [stderr]     Checking csv v1.2.1
[INFO] [stderr]     Checking js-sys v0.3.63
[INFO] [stderr]     Checking console_error_panic_hook v0.1.7
[INFO] [stderr]     Checking web-sys v0.3.63
[INFO] [stderr]     Checking wasm-bindgen-futures v0.4.36
[INFO] [stderr]     Checking serde-wasm-bindgen v0.4.5
[INFO] [stderr]     Checking gloo-timers v0.2.6
[INFO] [stderr]     Checking gloo-utils v0.1.6
[INFO] [stderr]     Checking gloo-events v0.1.2
[INFO] [stderr]     Checking gloo-dialogs v0.1.1
[INFO] [stderr]     Checking gloo-render v0.1.1
[INFO] [stderr]     Checking gloo-console v0.2.3
[INFO] [stderr]     Checking gloo-storage v0.2.2
[INFO] [stderr]     Checking gloo-net v0.2.6
[INFO] [stderr]     Checking gloo-net v0.1.0
[INFO] [stderr]     Checking gloo-history v0.1.3
[INFO] [stderr]     Checking gloo-file v0.2.3
[INFO] [stderr]     Checking gloo-worker v0.2.1
[INFO] [stderr]     Checking reqwasm v0.5.0
[INFO] [stderr]     Checking gloo v0.8.0
[INFO] [stderr]     Checking yew v0.20.0
[INFO] [stderr]     Checking weather v0.1.0 (/opt/rustwide/workdir)
[INFO] [stdout] error[E0583]: file not found for module `credentials`
[INFO] [stdout]  --> src/main.rs:8:1
[INFO] [stdout]   |
[INFO] [stdout] 8 | mod credentials;
[INFO] [stdout]   | ^^^^^^^^^^^^^^^^
[INFO] [stdout]   |
[INFO] [stdout]   = help: to create the module `credentials`, create file "src/credentials.rs" or "src/credentials/mod.rs"
[INFO] [stdout] 
[INFO] [stdout] 
[INFO] [stdout] error[E0583]: file not found for module `credentials`
[INFO] [stdout]  --> src/main.rs:8:1
[INFO] [stdout]   |
[INFO] [stdout] 8 | mod credentials;
[INFO] [stdout]   | ^^^^^^^^^^^^^^^^
[INFO] [stdout]   |
[INFO] [stdout]   = help: to create the module `credentials`, create file "src/credentials.rs" or "src/credentials/mod.rs"
[INFO] [stdout] 
[INFO] [stdout] 
[INFO] [stdout] error[E0432]: unresolved imports `crate::credentials::INFLUX_TOKEN`, `crate::credentials::INFLUX_ORG`
[INFO] [stdout]  --> src/components/co2.rs:6:26
[INFO] [stdout]   |
[INFO] [stdout] 6 | use crate::credentials::{INFLUX_TOKEN, INFLUX_ORG};
[INFO] [stdout]   |                          ^^^^^^^^^^^^  ^^^^^^^^^^ no `INFLUX_ORG` in `credentials`
[INFO] [stdout]   |                          |
[INFO] [stdout]   |                          no `INFLUX_TOKEN` in `credentials`
[INFO] [stdout] 
[INFO] [stdout] 
[INFO] [stdout] error[E0432]: unresolved imports `crate::credentials::INFLUX_TOKEN`, `crate::credentials::INFLUX_ORG`
[INFO] [stdout]  --> src/components/humidity.rs:6:26
[INFO] [stdout]   |
[INFO] [stdout] 6 | use crate::credentials::{INFLUX_TOKEN, INFLUX_ORG};
[INFO] [stdout]   |                          ^^^^^^^^^^^^  ^^^^^^^^^^ no `INFLUX_ORG` in `credentials`
[INFO] [stdout]   |                          |
[INFO] [stdout]   |                          no `INFLUX_TOKEN` in `credentials`
[INFO] [stdout] 
[INFO] [stdout] 
[INFO] [stdout] error[E0432]: unresolved imports `crate::credentials::INFLUX_TOKEN`, `crate::credentials::INFLUX_ORG`
[INFO] [stdout]  --> src/components/rain.rs:8:26
[INFO] [stdout]   |
[INFO] [stdout] 8 | use crate::credentials::{INFLUX_TOKEN, INFLUX_ORG};
[INFO] [stdout]   |                          ^^^^^^^^^^^^  ^^^^^^^^^^ no `INFLUX_ORG` in `credentials`
[INFO] [stdout]   |                          |
[INFO] [stdout]   |                          no `INFLUX_TOKEN` in `credentials`
[INFO] [stdout] 
[INFO] [stdout] 
[INFO] [stdout] error[E0432]: unresolved imports `crate::credentials::INFLUX_TOKEN`, `crate::credentials::INFLUX_ORG`
[INFO] [stdout]  --> src/components/co2.rs:6:26
[INFO] [stdout]   |
[INFO] [stdout] 6 | use crate::credentials::{INFLUX_TOKEN, INFLUX_ORG};
[INFO] [stdout]   |                          ^^^^^^^^^^^^  ^^^^^^^^^^ no `INFLUX_ORG` in `credentials`
[INFO] [stdout]   |                          |
[INFO] [stdout]   |                          no `INFLUX_TOKEN` in `credentials`
[INFO] [stdout] 
[INFO] [stdout] 
[INFO] [stdout] error[E0432]: unresolved imports `crate::credentials::INFLUX_TOKEN`, `crate::credentials::INFLUX_ORG`
[INFO] [stdout]  --> src/components/humidity.rs:6:26
[INFO] [stdout]   |
[INFO] [stdout] 6 | use crate::credentials::{INFLUX_TOKEN, INFLUX_ORG};
[INFO] [stdout]   |                          ^^^^^^^^^^^^  ^^^^^^^^^^ no `INFLUX_ORG` in `credentials`
[INFO] [stdout]   |                          |
[INFO] [stdout]   |                          no `INFLUX_TOKEN` in `credentials`
[INFO] [stdout] 
[INFO] [stdout] 
[INFO] [stdout] error[E0432]: unresolved imports `crate::credentials::INFLUX_TOKEN`, `crate::credentials::INFLUX_ORG`
[INFO] [stdout]  --> src/components/rain.rs:8:26
[INFO] [stdout]   |
[INFO] [stdout] 8 | use crate::credentials::{INFLUX_TOKEN, INFLUX_ORG};
[INFO] [stdout]   |                          ^^^^^^^^^^^^  ^^^^^^^^^^ no `INFLUX_ORG` in `credentials`
[INFO] [stdout]   |                          |
[INFO] [stdout]   |                          no `INFLUX_TOKEN` in `credentials`
[INFO] [stdout] 
[INFO] [stdout] 
[INFO] [stdout] error[E0425]: cannot find value `CLIENT_ID` in this scope
[INFO] [stdout]   --> src/main.rs:65:27
[INFO] [stdout]    |
[INFO] [stdout] 65 |                         + CLIENT_ID
[INFO] [stdout]    |                           ^^^^^^^^^ not found in this scope
[INFO] [stdout] 
[INFO] [stdout] 
[INFO] [stdout] error[E0425]: cannot find value `CLIENT_SECRET` in this scope
[INFO] [stdout]   --> src/main.rs:67:27
[INFO] [stdout]    |
[INFO] [stdout] 67 |                         + CLIENT_SECRET
[INFO] [stdout]    |                           ^^^^^^^^^^^^^ not found in this scope
[INFO] [stdout] 
[INFO] [stdout] 
[INFO] [stdout] error[E0425]: cannot find value `USERNAME` in this scope
[INFO] [stdout]   --> src/main.rs:69:27
[INFO] [stdout]    |
[INFO] [stdout] 69 |                         + USERNAME
[INFO] [stdout]    |                           ^^^^^^^^ not found in this scope
[INFO] [stdout] 
[INFO] [stdout] 
[INFO] [stdout] error[E0425]: cannot find value `PASSWORD` in this scope
[INFO] [stdout]   --> src/main.rs:71:27
[INFO] [stdout]    |
[INFO] [stdout] 71 |                         + PASSWORD,
[INFO] [stdout]    |                           ^^^^^^^^ not found in this scope
[INFO] [stdout] 
[INFO] [stdout] 
[INFO] [stdout] error[E0425]: cannot find value `CLIENT_ID` in this scope
[INFO] [stdout]    --> src/main.rs:211:35
[INFO] [stdout]     |
[INFO] [stdout] 211 | ...                   + CLIENT_ID
[INFO] [stdout]     |                         ^^^^^^^^^ not found in this scope
[INFO] [stdout] 
[INFO] [stdout] 
[INFO] [stdout] error[E0425]: cannot find value `CLIENT_SECRET` in this scope
[INFO] [stdout]    --> src/main.rs:213:35
[INFO] [stdout]     |
[INFO] [stdout] 213 | ...                   + CLIENT_SECRET
[INFO] [stdout]     |                         ^^^^^^^^^^^^^ not found in this scope
[INFO] [stdout] 
[INFO] [stdout] 
[INFO] [stdout] error[E0425]: cannot find value `USERNAME` in this scope
[INFO] [stdout]    --> src/main.rs:215:35
[INFO] [stdout]     |
[INFO] [stdout] 215 | ...                   + USERNAME
[INFO] [stdout]     |                         ^^^^^^^^ not found in this scope
[INFO] [stdout] 
[INFO] [stdout] 
[INFO] [stdout] error[E0425]: cannot find value `PASSWORD` in this scope
[INFO] [stdout]    --> src/main.rs:217:35
[INFO] [stdout]     |
[INFO] [stdout] 217 | ...                   + PASSWORD,
[INFO] [stdout]     |                         ^^^^^^^^ not found in this scope
[INFO] [stdout] 
[INFO] [stdout] 
[INFO] [stdout] warning: unused imports: `console`, `externs::log`
[INFO] [stdout]  --> src/components/co2.rs:2:50
[INFO] [stdout]   |
[INFO] [stdout] 2 | use gloo::{timers::callback::Interval, console::{externs::log, console}};
[INFO] [stdout]   |                                                  ^^^^^^^^^^^^  ^^^^^^^
[INFO] [stdout]   |
[INFO] [stdout]   = note: `#[warn(unused_imports)]` on by default
[INFO] [stdout] 
[INFO] [stdout] 
[INFO] [stdout] warning: unused imports: `externs::log`, `log`
[INFO] [stdout]  --> src/components/settings.rs:1:68
[INFO] [stdout]   |
[INFO] [stdout] 1 | use gloo::{timers::callback::Interval, console::{__macro::JsValue, log, externs::log}};
[INFO] [stdout]   |                                                                    ^^^  ^^^^^^^^^^^^
[INFO] [stdout] 
[INFO] [stdout] 
[INFO] [stdout] warning: unused import: `html`
[INFO] [stdout]  --> src/components/wind_bag.rs:3:11
[INFO] [stdout]   |
[INFO] [stdout] 3 | use yew::{html, Component, Html, Properties};
[INFO] [stdout]   |           ^^^^
[INFO] [stdout] 
[INFO] [stdout] 
[INFO] [stdout] warning: unused import: `credentials::*`
[INFO] [stdout]  --> src/main.rs:9:5
[INFO] [stdout]   |
[INFO] [stdout] 9 | use credentials::*;
[INFO] [stdout]   |     ^^^^^^^^^^^^^^
[INFO] [stdout] 
[INFO] [stdout] 
[INFO] [stdout] error[E0425]: cannot find value `CLIENT_ID` in this scope
[INFO] [stdout]   --> src/main.rs:65:27
[INFO] [stdout]    |
[INFO] [stdout] 65 |                         + CLIENT_ID
[INFO] [stdout]    |                           ^^^^^^^^^ not found in this scope
[INFO] [stdout] 
[INFO] [stdout] 
[INFO] [stdout] error[E0425]: cannot find value `CLIENT_SECRET` in this scope
[INFO] [stdout]   --> src/main.rs:67:27
[INFO] [stdout]    |
[INFO] [stdout] 67 |                         + CLIENT_SECRET
[INFO] [stdout]    |                           ^^^^^^^^^^^^^ not found in this scope
[INFO] [stdout] 
[INFO] [stdout] 
[INFO] [stdout] error[E0425]: cannot find value `USERNAME` in this scope
[INFO] [stdout]   --> src/main.rs:69:27
[INFO] [stdout]    |
[INFO] [stdout] 69 |                         + USERNAME
[INFO] [stdout]    |                           ^^^^^^^^ not found in this scope
[INFO] [stdout] 
[INFO] [stdout] 
[INFO] [stdout] error[E0425]: cannot find value `PASSWORD` in this scope
[INFO] [stdout]   --> src/main.rs:71:27
[INFO] [stdout]    |
[INFO] [stdout] 71 |                         + PASSWORD,
[INFO] [stdout]    |                           ^^^^^^^^ not found in this scope
[INFO] [stdout] 
[INFO] [stdout] 
[INFO] [stdout] error[E0425]: cannot find value `CLIENT_ID` in this scope
[INFO] [stdout]    --> src/main.rs:211:35
[INFO] [stdout]     |
[INFO] [stdout] 211 | ...                   + CLIENT_ID
[INFO] [stdout]     |                         ^^^^^^^^^ not found in this scope
[INFO] [stdout] 
[INFO] [stdout] 
[INFO] [stdout] error[E0425]: cannot find value `CLIENT_SECRET` in this scope
[INFO] [stdout]    --> src/main.rs:213:35
[INFO] [stdout]     |
[INFO] [stdout] 213 | ...                   + CLIENT_SECRET
[INFO] [stdout]     |                         ^^^^^^^^^^^^^ not found in this scope
[INFO] [stdout] 
[INFO] [stdout] 
[INFO] [stdout] error[E0425]: cannot find value `USERNAME` in this scope
[INFO] [stdout]    --> src/main.rs:215:35
[INFO] [stdout]     |
[INFO] [stdout] 215 | ...                   + USERNAME
[INFO] [stdout]     |                         ^^^^^^^^ not found in this scope
[INFO] [stdout] 
[INFO] [stdout] 
[INFO] [stdout] error[E0425]: cannot find value `PASSWORD` in this scope
[INFO] [stdout]    --> src/main.rs:217:35
[INFO] [stdout]     |
[INFO] [stdout] 217 | ...                   + PASSWORD,
[INFO] [stdout]     |                         ^^^^^^^^ not found in this scope
[INFO] [stdout] 
[INFO] [stdout] 
[INFO] [stdout] warning: unused imports: `console`, `externs::log`
[INFO] [stdout]  --> src/components/co2.rs:2:50
[INFO] [stdout]   |
[INFO] [stdout] 2 | use gloo::{timers::callback::Interval, console::{externs::log, console}};
[INFO] [stdout]   |                                                  ^^^^^^^^^^^^  ^^^^^^^
[INFO] [stdout]   |
[INFO] [stdout]   = note: `#[warn(unused_imports)]` on by default
[INFO] [stdout] 
[INFO] [stdout] 
[INFO] [stdout] warning: unused imports: `externs::log`, `log`
[INFO] [stdout]  --> src/components/settings.rs:1:68
[INFO] [stdout]   |
[INFO] [stdout] 1 | use gloo::{timers::callback::Interval, console::{__macro::JsValue, log, externs::log}};
[INFO] [stdout]   |                                                                    ^^^  ^^^^^^^^^^^^
[INFO] [stdout] 
[INFO] [stdout] 
[INFO] [stdout] warning: unused import: `html`
[INFO] [stdout]  --> src/components/wind_bag.rs:3:11
[INFO] [stdout]   |
[INFO] [stdout] 3 | use yew::{html, Component, Html, Properties};
[INFO] [stdout]   |           ^^^^
[INFO] [stdout] 
[INFO] [stdout] 
[INFO] [stdout] warning: unused import: `credentials::*`
[INFO] [stdout]  --> src/main.rs:9:5
[INFO] [stdout]   |
[INFO] [stdout] 9 | use credentials::*;
[INFO] [stdout]   |     ^^^^^^^^^^^^^^
[INFO] [stdout] 
[INFO] [stdout] 
[INFO] [stdout] error: aborting due to 12 previous errors; 4 warnings emitted
[INFO] [stdout] 
[INFO] [stdout] 
[INFO] [stdout] Some errors have detailed explanations: E0425, E0432, E0583.
[INFO] [stdout] 
[INFO] [stdout] For more information about an error, try `rustc --explain E0425`.
[INFO] [stdout] 
[INFO] [stderr] error: could not compile `weather` (bin "weather" test) due to 13 previous errors; 4 warnings emitted
[INFO] [stderr] warning: build failed, waiting for other jobs to finish...
[INFO] [stdout] error: aborting due to 12 previous errors; 4 warnings emitted
[INFO] [stdout] 
[INFO] [stdout] 
[INFO] [stdout] Some errors have detailed explanations: E0425, E0432, E0583.
[INFO] [stdout] 
[INFO] [stdout] For more information about an error, try `rustc --explain E0425`.
[INFO] [stdout] 
[INFO] [stderr] error: could not compile `weather` (bin "weather") due to 13 previous errors; 4 warnings emitted
[INFO] running `Command { std: "docker" "inspect" "5f180dcc4d60c619973d4c29ff988c695d08c1dcc196bf6d5f491e85b6036ce1", kill_on_drop: false }`
[INFO] running `Command { std: "docker" "rm" "-f" "5f180dcc4d60c619973d4c29ff988c695d08c1dcc196bf6d5f491e85b6036ce1", kill_on_drop: false }`
[INFO] [stdout] 5f180dcc4d60c619973d4c29ff988c695d08c1dcc196bf6d5f491e85b6036ce1
